{"id":28,"date":"2011-08-23T10:50:27","date_gmt":"2011-08-23T10:50:27","guid":{"rendered":"http:\/\/53806452.swh.strato-hosting.eu\/woerterbuch\/blog\/\/?page_id=28"},"modified":"2011-09-14T18:07:50","modified_gmt":"2011-09-14T18:07:50","slug":"beteiligte-schulen","status":"publish","type":"page","link":"https:\/\/www.xn--nicht-dazugehren-ywb.de\/blog\/beteiligte-schulen\/","title":{"rendered":"Beteiligte Schulen"},"content":{"rendered":"<p>Schule am Wilhelmsberg<br \/>\nSandinostra\u00dfe 8<br \/>\n13055 Berlin<br \/>\nGrundschule<br \/>\n<a href=\"http:\/\/www.wilhelmsberg.cidsnet.de\/\">Website<\/a><\/p>\n<p>Schule am Schloss<br \/>\nSchlo\u00dfstr. 55A<br \/>\n14059 Berlin<br \/>\nIntegrierte Sekundarschule<br \/>\n<a href=\"http:\/\/www.oppenheim-schule.homepage.t-online.de\/\">Website<\/a><\/p>\n<p>Oberstufenzentrum B\u00fcrowirtschaft und<br \/>\nVerwaltung<br \/>\nLippst\u00e4dter Stra\u00dfe 9 -11<br \/>\n12207 Berlin<\/p>\n<p><a href=\"http:\/\/www.oszbueroverw.de\/\">Website<\/a><\/p>\n","protected":false},"excerpt":{"rendered":"<p>Schule am Wilhelmsberg Sandinostra\u00dfe 8 13055 Berlin Grundschule Website Schule am Schloss Schlo\u00dfstr. 55A 14059 Berlin Integrierte Sekundarschule Website Oberstufenzentrum B\u00fcrowirtschaft und Verwaltung Lippst\u00e4dter Stra\u00dfe 9 -11 12207 Berlin Website<\/p>\n","protected":false},"author":1,"featured_media":0,"parent":0,"menu_order":0,"comment_status":"open","ping_status":"open","template":"","meta":{"footnotes":""},"class_list":["post-28","page","type-page","status-publish","hentry"],"_links":{"self":[{"href":"https:\/\/www.xn--nicht-dazugehren-ywb.de\/blog\/wp-json\/wp\/v2\/pages\/28","targetHints":{"allow":["GET"]}}],"collection":[{"href":"https:\/\/www.xn--nicht-dazugehren-ywb.de\/blog\/wp-json\/wp\/v2\/pages"}],"about":[{"href":"https:\/\/www.xn--nicht-dazugehren-ywb.de\/blog\/wp-json\/wp\/v2\/types\/page"}],"author":[{"embeddable":true,"href":"https:\/\/www.xn--nicht-dazugehren-ywb.de\/blog\/wp-json\/wp\/v2\/users\/1"}],"replies":[{"embeddable":true,"href":"https:\/\/www.xn--nicht-dazugehren-ywb.de\/blog\/wp-json\/wp\/v2\/comments?post=28"}],"version-history":[{"count":3,"href":"https:\/\/www.xn--nicht-dazugehren-ywb.de\/blog\/wp-json\/wp\/v2\/pages\/28\/revisions"}],"predecessor-version":[{"id":237,"href":"https:\/\/www.xn--nicht-dazugehren-ywb.de\/blog\/wp-json\/wp\/v2\/pages\/28\/revisions\/237"}],"wp:attachment":[{"href":"https:\/\/www.xn--nicht-dazugehren-ywb.de\/blog\/wp-json\/wp\/v2\/media?parent=28"}],"curies":[{"name":"wp","href":"https:\/\/api.w.org\/{rel}","templated":true}]}}